Is 9901 a composite number?
False
Is 47839 a prime number?
False
Is 1959 prime?
False
Is 8903 a prime number?
False
Is 204883 composite?
True
Is 66259 a composite number?
True
Is 6559 composite?
True
Is 173399 a composite number?
True
Is 15527 a composite number?
False
Is 210973 a prime number?
False
Is 95063 a composite number?
False
Is 3223 composite?
True
Is 12143 prime?
True
Is 4771 a composite number?
True
Is 115013 composite?
False
Is 15073 a prime number?
True
Is 23039 a prime number?
True
Is 28417 prime?
False
Is 10831 a prime number?
True
Is 1106741 a composite number?
False
Is 5113 composite?
False
Is 21439 a prime number?
False
Is 91883 a prime number?
False
Is 22109 a composite number?
False
Is 137203 a prime number?
False
Is 55579 a composite number?
False
Is 75559 a composite number?
True
Is 3563 a prime number?
False
Is 27637 composite?
True
Is 3478459 composite?
False
Is 96113 prime?
False
Is 4183 composite?
True
Is 188501 composite?
True
Is 132281 prime?
False
Is 115693 prime?
True
Is 52369 a composite number?
False
Is 10939 prime?
True
Is 26787 a prime number?
False
Is 499 prime?
True
Is 11027 a prime number?
True
Is 7061 a prime number?
False
Is 87977 composite?
False
Is 2575153 a prime number?
False
Is 7661 a composite number?
True
Is 18826 a composite number?
True
Is 5779 a prime number?
True
Is 7223 a composite number?
True
Is 113137 prime?
False
Is 360223 a prime number?
True
Is 664451 a prime number?
False
Is 70157 prime?
True
Is 3713 a prime number?
False
Is 25031 composite?
False
Is 1170167 composite?
False
Is 1397 prime?
False
Is 521231 prime?
True
Is 2141123 a composite number?
False
Is 224813 a composite number?
False
Is 53479 a prime number?
True
Is 19069 a composite number?
False
Is 734 a composite number?
True
Is 170327 a prime number?
True
Is 281687 composite?
True
Is 993 a composite number?
True
Is 126397 a prime number?
True
Is 208471 composite?
True
Is 137035 a prime number?
False
Is 178546 composite?
True
Is 4197901 a composite number?
True
Is 33247 a prime number?
True
Is 1061959 prime?
True
Is 42899 a prime number?
True
Is 11273 composite?
False
Is 116837 a composite number?
True
Is 549341 a prime number?
False
Is 1028437 a composite number?
False
Is 24593 prime?
True
Is 86323 a composite number?
False
Is 65531 a prime number?
False
Is 83257 prime?
True
Is 21769 a prime number?
False
Is 30395 prime?
False
Is 13551 a prime number?
False
Is 148901 a composite number?
True
Is 18599 prime?
False
Is 3079 a composite number?
False
Is 291419 prime?
True
Is 24623 a prime number?
True
Is 209479 prime?
False
Is 85967 a prime number?
False
Is 139891 a prime number?
True
Is 34793 a composite number?
True
Is 45233 a composite number?
False
Is 241909 prime?
False
Is 19207 a composite number?
False
Is 11747 prime?
False
Is 28151 prime?
True
Is 5269 prime?
False
Is 29257 composite?
True
Is 550427 a composite number?
False
Is 1009 prime?
True
Is 11797 a prime number?
False
Is 7204163 composite?
False
Is 332153 a composite number?
True
Is 391 prime?
False
Is 64021 a composite number?
True
Is 6803 a composite number?
False
Is 178019 a composite number?
True
Is 878903 prime?
False
Is 195383 prime?
False
Is 62137 a composite number?
False
Is 1114 a prime number?
False
Is 1402438 a composite number?
True
Is 24251 a composite number?
False
Is 7097 a composite number?
True
Is 224463 prime?
False
Is 75441 prime?
False
Is 2517617 a prime number?
True
Is 1361 prime?
True
Is 1452977 a prime number?
True
Is 7033 composite?
True
Is 27179 composite?
False
Is 10399 a prime number?
True
Is 16547 a prime number?
True
Is 837107 composite?
False
Is 623 composite?
True
Is 39049 a prime number?
False
Is 23783 composite?
True
Is 49409 a prime number?
True
Is 7919 a prime number?
True
Is 26759 a composite number?
False
Is 87473 a prime number?
True
Is 234431 a prime number?
True
Is 128287 a composite number?
False
Is 5779 a composite number?
False
Is 15055 a prime number?
False
Is 3263 a composite number?
True
Is 36293 composite?
False
Is 1009 a prime number?
True
Is 47951 a prime number?
True
Is 6541 prime?
False
Is 9493 composite?
True
Is 1969 a prime number?
False
Is 2039 prime?
True
Is 104843 composite?
True
Is 147797 a composite number?
True
Is 69287 a prime number?
False
Is 75443 a prime number?
False
Is 138617 prime?
True
Is 254369 prime?
True
Is 7269 composite?
True
Is 30021 prime?
False
Is 46559 composite?
False
Is 3266897 prime?
False
Is 15541 prime?
True
Is 257671 a composite number?
False
Is 42761 a prime number?
False
Is 72113 a prime number?
False
Is 21661 a prime number?
True
Is 24719 a prime number?
False
Is 6927 composite?
True
Is 2807729 a composite number?
False
Is 612481 composite?
False
Is 7619 a prime number?
False
Is 18833 composite?
True
Is 4111 composite?
False
Is 128509 prime?
True
Is 14961 composite?
True
Is 6773 composite?
True
Is 13093 a prime number?
True
Is 18947 composite?
False
Is 1207883 prime?
True
Is 9923 a prime number?
True
Is 12353 a composite number?
True
Is 4679 a composite number?
False
Is 26927 composite?
False
Is 66437 a prime number?
False
Is 599021 a prime number?
True
Is 147047 a prime number?
True
Is 199289 composite?
False
Is 4717 prime?
False
Is 33671 prime?
False
Is 9655 prime?
False
Is 74377 prime?
True
Is 449 a prime number?
True
Is 15727 composite?
False
Is 1390531 composite?
True
Is 2785 composite?
True
Is 6187 a prime number?
False
Is 31121 a prime number?
True
Is 103451 prime?
True
Is 9535 prime?
False
Is 16301 composite?
False
Is 34313 prime?
True
Is 104242 a composite number?
True
Is 27161 a prime number?
False
Is 701821 a prime number?
False
Is 28163 prime?
True
Is 928787 composite?
False
Is 2951 composite?
True
Is 235231 prime?
True
Is 101561 a composite number?
False
Is 647 a composite number?
False
Is 5779 prime?
True
Is 5347 a prime number?
True
Is 353147 a composite number?
False
Is 60013 prime?
True
Is 3466 composite?
True
Is 1444411 a composite number?
False
Is 1259 a composite number?
False
Is 7901 composite?
False
Is 130769 a composite number?
False
Is 486259 a prime number?
False
Is 1342723 a prime number?
True
Is 5173 a prime number?
False
Is 4171 a composite number?
True
Is 890137 a prime number?
False
Is 21991 a prime number?
True
Is 13259 a composite number?
False
Is 48947 a prime number?
True
Is 691 composite?
False
Is 71371 a composite number?
True
Is 393037 composite?
True
Is 49501 prime?
False
Is 121403 a prime number?
True
Is 336727 a composite number?
False
Is 124847 a composite number?
False
Is 587561 prime?
False
Is 37039 a prime number?
True
Is 450133 a composite number?
True
Is 240663 a prime number?
False
Is 11537 a composite number?
True
Is 344027 a composite number?
True
Is 7571 a composite number?
True
Is 565171 prime?
True
Is 854627 a prime number?
False
Is 5745787 composite?
False
Is 246019 prime?
False
Is 2587183 composite?
False
Is 434431 a composite number?
False
Is 131513 prime?
False
Is 13093 composite?
False
Is 56647 prime?
False
Is 2941 a composite number?
True
Is 7237 a composite number?
False
Is 2565559 prime?
True
Is 373783 prime?
True
Is 18211 a composite number?
False
Is 38953 a composite number?
False
Is 38299 a prime number?
True
Is 614605 composite?
True
Is 19517 a prime number?
False
Is 58711 a prime number?
True
Is 9647 composite?
True
Is 3869263 composite?
False
Is 33622 a prime number?
False
Is 23399 a prime number?
True
Is 7319 a composite number?
True
Is 3223147 prime?
False
Is 681403 a composite number?
False
Is 4583 a composite number?
False
Is 9197 a composite number?
True
Is 162753 composite?
True
Is 1873577 a composite number?
True
Is 15253 a prime number?
False
Is 130969 composite?
False
Is 384355 a composite number?
True
Is 94 a composite number?
True
Is 66529 a composite number?
False
Is 23269 a composite number?
False
Is 2017 prime?
True
Is 481454 composite?
True
Is 8803 a prime number?
True
Is 31897 a composite number?
True
Is 90407 a composite number?
False
Is 665255 prime?
False
Is 677 a prime number?
True
Is 242971 a prime number?
True
Is 26707 composite?
True
Is 2981909 composite?
True
Is 65633 composite?
False
Is 11735 a prime number?
False
Is 751 composite?
False
Is 3458537 composite?
False
Is 541613 prime?
True
Is